{"id":1071,"date":"2012-05-11T12:18:13","date_gmt":"2012-05-11T12:18:13","guid":{"rendered":"http:\/\/www.kgfree.com\/yoga\/?page_id=1071"},"modified":"2025-06-13T14:59:01","modified_gmt":"2025-06-13T14:59:01","slug":"la-voce-del-maestro","status":"publish","type":"page","link":"https:\/\/centropurnayoga.it\/yoga\/la-voce-del-maestro\/","title":{"rendered":"La Voce del Maestro"},"content":{"rendered":"<p><img decoding=\"async\" src=\"https:\/\/centropurnayoga.it\/yoga\/wp-content\/uploads\/2012\/03\/voce.jpg\" alt=\"Maestro Verri\" width=\"210\" style=\"float:left; margin: 0 18px 15px 0;\" \/><\/p>\n<p>Sono qui raccolti alcuni interventi del Maestro Verri su vari argomenti ripresi dalla rivista <em>Jyoti Yoga Darshanam<\/em>, e riproposti singolarmente come spunto di studio e meditazione.<br \/>\nSi tratta di contributi che toccano temi basilari per chi segue la disciplina yoga. Il discorso si muove in pi\u00f9 direzioni e spazia dalla comprensione dei versi classici che guidano il cammino evolutivo, al significato profondo di certi termini-chiave, o ancora alla proposta di stringenti domande esistenziali, sempre in funzione di una reale crescita personale.<\/p>\n<ul class=\"lcp_catlist\" id=\"lcp_instance_0\">\n<li><a href=\"https:\/\/centropurnayoga.it\/yoga\/maya\/\" class=\"lcp_title\">Maya<\/a><span class=\"lcp_date\">  20 ottobre 2015<\/span>\n<div class=\"lcp_excerpt\">Nell&#8217;universo tantrico, Maya o &#8220;Ci\u00f2 che Misura&#8221; \u00e8 una delle 31 categorie impure, la prima a sorgere dopo le cinque della creazione pura che sono:<br \/>\n1) Shiva-tattva<br \/>\n2) Shakti-tattva<br \/>\n3) Sadashiva-tattva<br \/>\n4) Ishvara-tattva<br \/>\n5) Shudda-vidya-tattva.<br \/>\n\u00c8 in queste cinque categorie o Tattva che abbiamo la creazione ideale. Ed \u00e8 dopo Shudda-vidya, cio\u00e8 con Maya, che inizia la creazione attuale, la creazione &#8230;<\/div>\n<\/li>\n<li><a href=\"https:\/\/centropurnayoga.it\/yoga\/yajna-ii-parte\/\" class=\"lcp_title\">Yajna (II parte)<\/a><span class=\"lcp_date\">  8 febbraio 2015<\/span>\n<div class=\"lcp_excerpt\">Yajna &#8211; Rituale sacro. (II\u00b0)<br \/>\nAllorch\u00e8 il rituale \u00e8 svolto nella maniera corretta, con consapevolezza, pu\u00f2 diventare uno strumento utile per la trasformazione della propria coscienza. Esso serve a sviluppare coraggio, accettazione, contentezza e amore per se stessi. Ancora, pu\u00f2 scuotere e liberare una persona dalle armature egoiche che limitano le nostre esperienze ed espansioni. Il &#8230;<\/div>\n<\/li>\n<li><a href=\"https:\/\/centropurnayoga.it\/yoga\/yajna\/\" class=\"lcp_title\">Yajna<\/a><span class=\"lcp_date\">  12 ottobre 2014<\/span>\n<div class=\"lcp_excerpt\">Yajna- Rituale Sacro (I\u00b0)<br \/>\nIl Rituale Sacro partecipa della natura del vasto universo. Essenzialmente \u00e8 una rappresentazione simbolica con un fine spirituale che viene eseguita da un singolo individuo o da un gruppo di persone. Esso \u00e8 un processo tramite il quale ci possiamo connettere con la coscienza, con lo spirito, attraverso il cuore, utilizzando gli &#8230;<\/div>\n<\/li>\n<li><a href=\"https:\/\/centropurnayoga.it\/yoga\/tempo-dellessere\/\" class=\"lcp_title\">TEMPO DELL&#8217;ESSERE<\/a><span class=\"lcp_date\">  2 febbraio 2014<\/span>\n<div class=\"lcp_excerpt\">&#8220;Il Tempo dell&#8217;Essere \u00e8 l&#8217;Essere del Tempo! I due sono inscindibili. Tale &#8220;Tempo&#8221; \u00e8 oltre i diversi tempi conosciuti, dato che esso \u00e8 la Natura stessa dell&#8217;Essere. Questa Natura non sa cosa sia il tempo lineare, circolare o eterno. Poich\u00e9 l&#8217;Essere \u00e8 al di l\u00e0 dei movimenti della coscienza abituale, esso vive in un Tempo &#8230;<\/div>\n<\/li>\n<li><a href=\"https:\/\/centropurnayoga.it\/yoga\/chaitanyam-coscienza\/\" class=\"lcp_title\">CHAITANYAM (Coscienza)<\/a><span class=\"lcp_date\">  25 ottobre 2013<\/span>\n<div class=\"lcp_excerpt\">La Brahma Vidya \u00e8 la Conoscenza Totale che libera. Essa si avvale di mezzi sofisticatissimi nei quali bisogna penetrare per possederli compiutamente. Entrati in questi mezzi, occorre discriminare tra gli strumenti e le operazioni che tramite tali strumenti vengono svolte.<br \/>\nDa dove prendiamo tale Conoscenza? Gli occidentali, in genere, la prendono dal mondo esterno, gli Yogin &#8230;<\/div>\n<\/li>\n<\/ul>\n<ul class='lcp_paginator'>\n<li class='lcp_currentpage'>1<\/li>\n<li><a href='https:\/\/centropurnayoga.it\/yoga\/wp-json\/wp\/v2\/pages\/1071?lcp_page0=2#lcp_instance_0' title='2'>2<\/a><\/li>\n<li><a href='https:\/\/centropurnayoga.it\/yoga\/wp-json\/wp\/v2\/pages\/1071?lcp_page0=3#lcp_instance_0' title='3'>3<\/a><\/li>\n<li><a href='https:\/\/centropurnayoga.it\/yoga\/wp-json\/wp\/v2\/pages\/1071?lcp_page0=2#lcp_instance_0' title='2' class='lcp_nextlink'>&gt;&gt;<\/a><\/li>\n<\/ul>\n","protected":false},"excerpt":{"rendered":"<p>Sono qui raccolti alcuni interventi del Maestro Verri su vari argomenti ripresi dalla rivista Jyoti Yoga Darshanam, e riproposti singolarmente come spunto di studio e meditazione. Si tratta di contributi che toccano temi basilari per chi segue la disciplina yoga. Il discorso si muove in pi\u00f9 direzioni e spazia dalla comprensione dei versi classici che &#91;&#8230;&#93;<\/p>\n","protected":false},"author":1,"featured_media":0,"parent":0,"menu_order":0,"comment_status":"closed","ping_status":"closed","template":"","meta":{"footnotes":""},"class_list":["post-1071","page","type-page","status-publish","hentry"],"_links":{"self":[{"href":"https:\/\/centropurnayoga.it\/yoga\/wp-json\/wp\/v2\/pages\/1071","targetHints":{"allow":["GET"]}}],"collection":[{"href":"https:\/\/centropurnayoga.it\/yoga\/wp-json\/wp\/v2\/pages"}],"about":[{"href":"https:\/\/centropurnayoga.it\/yoga\/wp-json\/wp\/v2\/types\/page"}],"author":[{"embeddable":true,"href":"https:\/\/centropurnayoga.it\/yoga\/wp-json\/wp\/v2\/users\/1"}],"replies":[{"embeddable":true,"href":"https:\/\/centropurnayoga.it\/yoga\/wp-json\/wp\/v2\/comments?post=1071"}],"version-history":[{"count":5,"href":"https:\/\/centropurnayoga.it\/yoga\/wp-json\/wp\/v2\/pages\/1071\/revisions"}],"predecessor-version":[{"id":2947,"href":"https:\/\/centropurnayoga.it\/yoga\/wp-json\/wp\/v2\/pages\/1071\/revisions\/2947"}],"wp:attachment":[{"href":"https:\/\/centropurnayoga.it\/yoga\/wp-json\/wp\/v2\/media?parent=1071"}],"curies":[{"name":"wp","href":"https:\/\/api.w.org\/{rel}","templated":true}]}}