{"id":1198,"date":"2012-05-16T07:23:47","date_gmt":"2012-05-16T07:23:47","guid":{"rendered":"http:\/\/www.kgfree.com\/yoga\/?page_id=1198"},"modified":"2025-06-13T16:01:22","modified_gmt":"2025-06-13T16:01:22","slug":"home","status":"publish","type":"page","link":"https:\/\/centropurnayoga.it\/yoga\/","title":{"rendered":"Home"},"content":{"rendered":"<div class=\"one_third\"><div id=\"blog_356\" class=\"theme_blog_list\"><article id=\"post-998\" class=\"hentry entry entry_left post_has_image \"><div class=\"image_styled entry_left entry_image\" style=\"width:70px\"><div class=\"image_frame effect-icon\" ><div class=\"image_shadow_wrap\"><a class=\"image_icon_doc\" href=\"https:\/\/centropurnayoga.it\/yoga\/cose-lo-yoga\/\" title=\"\"><img decoding=\"async\"  class=\"post_featured_image theme_image_type_jpg\" width=\"68\" height=\"68\" data-thumbnail=\"1003\" src=\"https:\/\/centropurnayoga.it\/yoga\/wp-content\/uploads\/strikingr\/images\/1003_om-68x68.jpg\" data-theme-retina-image=\"false\"  alt=\"Lo Yoga\" data-thumbnail-class=\"aToxMDAzOw==\" data-aspect-ratio=\"1\" \/><\/a><\/div><\/div><\/div><div class=\"entry_info\"><h2 class=\"entry_title entry-title\"><a href=\"https:\/\/centropurnayoga.it\/yoga\/cose-lo-yoga\/\" rel=\"bookmark\" title=\"Permalink a Lo Yoga\">Lo Yoga<\/a><\/h2><\/div><div class=\"entry_content entry-content\"><div><p>Che cosa \u00e8 lo Yoga? Lo Yoga \u00e8 una disciplina totale. L&#8217;uomo, fin dalla sua comparsa sul pianeta Terra, ha elaborato ed ha avuto a disposizione molti sistemi di vita, tutti pi\u00f9 o meno efficaci e tutti tendenti al massimo grado di felicit\u00e0 relativa sulla Terra. [&#8230;] <\/p>\n<\/div><div class=\"read_more_wrap\"><a class=\"read_more_link\" href=\"https:\/\/centropurnayoga.it\/yoga\/cose-lo-yoga\/\" rel=\"nofollow\">Continua a leggere \u2192<\/a><\/div><\/div><\/article><\/div><\/div>\n<div class=\"one_sixth\"><a title=\"Saggi sul Tai-Chi\" href=\"https:\/\/centropurnayoga.it\/yoga\/saggi-sul-tai-chi\/\"><img decoding=\"async\" class=\"alignleft wp-image-981\" title=\"Saggi sul Tai-Chi\" src=\"https:\/\/centropurnayoga.it\/yoga\/wp-content\/uploads\/2012\/03\/banner_tai.jpg\" alt=\"Saggi sul Tai-Chi\" width=\"122\" height=\"62\" \/><\/a> <a title=\"La Voce del Maestro\" href=\"https:\/\/centropurnayoga.it\/yoga\/la-voce-del-maestro\/\"><img decoding=\"async\" class=\"alignleft wp-image-980\" style=\"padding: 18px 0;\" title=\"La Voce del Maestro\" src=\"https:\/\/centropurnayoga.it\/yoga\/wp-content\/uploads\/2012\/03\/banner_voce.jpg\" alt=\"La Voce del Maestro\" width=\"122\" height=\"54\" \/><\/a> <a title=\"I cinque Testi dello Ha\u0163ha\" href=\"https:\/\/centropurnayoga.it\/yoga\/i-cinque-testi-dello-hatha\/\"><img decoding=\"async\" class=\"alignleft wp-image-997\" title=\"I cinque Testi dello Ha\u0163ha\" src=\"https:\/\/centropurnayoga.it\/yoga\/wp-content\/uploads\/2012\/03\/banner_hatha.jpg\" alt=\"I Cinque Testi\" width=\"122\" height=\"62\" \/><\/a><\/div> <div class=\"one_third\"><div id=\"blog_603\" class=\"theme_blog_list\"><article id=\"post-587\" class=\"hentry entry entry_left post_has_image \"><div class=\"image_styled entry_left entry_image\" style=\"width:70px\"><div class=\"image_frame effect-icon\" ><div class=\"image_shadow_wrap\"><a class=\"image_icon_doc\" href=\"https:\/\/centropurnayoga.it\/yoga\/maestro-post\/\" title=\"\"><img decoding=\"async\"  class=\"post_featured_image theme_image_type_jpg\" width=\"68\" height=\"68\" data-thumbnail=\"1017\" src=\"https:\/\/centropurnayoga.it\/yoga\/wp-content\/uploads\/strikingr\/images\/1017_maestro_icon-68x68.jpg\" data-theme-retina-image=\"false\"  alt=\"Il Maestro\" data-thumbnail-class=\"aToxMDE3Ow==\" data-aspect-ratio=\"1\" \/><\/a><\/div><\/div><\/div><div class=\"entry_info\"><h2 class=\"entry_title entry-title\"><a href=\"https:\/\/centropurnayoga.it\/yoga\/maestro-post\/\" rel=\"bookmark\" title=\"Permalink a Il Maestro\">Il Maestro<\/a><\/h2><\/div><div class=\"entry_content entry-content\"><div><p>Mario U. Verri, Maestro di Yoga e Tantra, insegna a Roma dal 1972, nella ferma convinzione che attraverso lo Yoga \u00e8 possibile risvegliare la coscienza individuale fino a rendere l&#8217;uomo padrone di s\u00e9. Dai numerosi viaggi e soggiorni presso gli ashram pi\u00f9 qualificati dell\u2019India [&#8230;] <\/p>\n<\/div><div class=\"read_more_wrap\"><a class=\"read_more_link\" href=\"https:\/\/centropurnayoga.it\/yoga\/maestro-post\/\" rel=\"nofollow\">Continua a leggere \u2192<\/a><\/div><\/div><\/article><\/div><\/div>\n<div class=\"one_sixth last\"><h4><span style=\"color: #be5100;\"><a title=\"I Libri\" href=\"https:\/\/centropurnayoga.it\/yoga\/i-libri\/\"><span style=\"color: #be5100;\">I nostri libri<\/span><\/a><\/span><\/h4>\n<div class=\"slide-shortcode-wrap  mini-width\" data-width=\"132\" ><div class=\"nivo-container nivo-container-id-79ce28af4227bd1d35f978d9e5a95129 direct-hide control-hide\" style=\"margin-top:0px;margin-bottom:0px;width:132px;\">\n<div id=\"nivo79ce28af4227bd1d35f978d9e5a95129\" class=\"nivoSlider nivoSlider-no-js\" data-options='{&quot;marginTop&quot;:0,&quot;marginBottom&quot;:0,&quot;animSpeed&quot;:500,&quot;pauseTime&quot;:3000,&quot;pauseOnHover&quot;:false,&quot;autoplay&quot;:true,&quot;slices&quot;:10,&quot;boxCols&quot;:8,&quot;boxRows&quot;:4,&quot;effects&quot;:&quot;sliceUpRight&quot;,&quot;width&quot;:132,&quot;height&quot;:195,&quot;caption&quot;:false,&quot;directionNav&quot;:true,&quot;directionNavHide&quot;:true,&quot;controlNav&quot;:true,&quot;controlNavHide&quot;:true,&quot;stopAtEnd&quot;:false,&quot;removeBorderShadow&quot;:false,&quot;removeLoadingIcon&quot;:false,&quot;nivoSliderBg&quot;:&quot;&quot;,&quot;showAfterInit&quot;:false,&quot;randomStart&quot;:false,&quot;captionType&quot;:&quot;title&quot;,&quot;retinaImages&quot;:&quot;default&quot;}'><a href=\"https:\/\/centropurnayoga.it\/yoga\/portfolio\/mudra-fuochi-di-coscienza\/\" target=\"_self\" class=\"nivo-image-link\"><img decoding=\"async\"  data-thumbnail=\"1970\"  data-theme-retina-image=\"false\" src=\"https:\/\/centropurnayoga.it\/yoga\/wp-content\/uploads\/strikingr\/images\/1970_Mudra_cop2-132x195.jpg\" title=\"\" alt=\"\" \/><\/a><a href=\"https:\/\/centropurnayoga.it\/yoga\/portfolio\/dieci-sguardi-del-sole\/\" target=\"_self\" class=\"nivo-image-link\"><img decoding=\"async\"  data-thumbnail=\"1048\"  data-theme-retina-image=\"false\" src=\"https:\/\/centropurnayoga.it\/yoga\/wp-content\/uploads\/strikingr\/images\/1048_diecisguardi-132x195.jpg\" title=\"\" alt=\"\" \/><\/a><a href=\"https:\/\/centropurnayoga.it\/yoga\/portfolio\/joga-pradipaka\/\" target=\"_self\" class=\"nivo-image-link\"><img decoding=\"async\"  data-thumbnail=\"488\"  data-theme-retina-image=\"false\" src=\"https:\/\/centropurnayoga.it\/yoga\/wp-content\/uploads\/strikingr\/images\/488_pradipaka-132x195.jpg\" title=\"\" alt=\"\" \/><\/a><a href=\"https:\/\/centropurnayoga.it\/yoga\/portfolio\/tecniche-yoga\/\" target=\"_self\" class=\"nivo-image-link\"><img decoding=\"async\"  data-thumbnail=\"484\"  data-theme-retina-image=\"false\" src=\"https:\/\/centropurnayoga.it\/yoga\/wp-content\/uploads\/strikingr\/images\/484_tecniche-132x195.jpg\" title=\"\" alt=\"\" \/><\/a><a href=\"https:\/\/centropurnayoga.it\/yoga\/portfolio\/libretto-2\/\" target=\"_self\" class=\"nivo-image-link\"><img decoding=\"async\"  data-thumbnail=\"482\"  data-theme-retina-image=\"false\" src=\"https:\/\/centropurnayoga.it\/yoga\/wp-content\/uploads\/strikingr\/images\/482_posizioni-132x195.jpg\" title=\"\" alt=\"\" \/><\/a><a href=\"https:\/\/centropurnayoga.it\/yoga\/portfolio\/yoga\/\" target=\"_self\" class=\"nivo-image-link\"><img decoding=\"async\"  data-thumbnail=\"486\"  data-theme-retina-image=\"false\" src=\"https:\/\/centropurnayoga.it\/yoga\/wp-content\/uploads\/strikingr\/images\/486_yoga-132x195.jpg\" title=\"\" alt=\"\" \/><\/a><a href=\"https:\/\/centropurnayoga.it\/yoga\/portfolio\/il-tessuto-delluniverso-2\/\" target=\"_self\" class=\"nivo-image-link\"><img decoding=\"async\"  data-thumbnail=\"2696\"  data-theme-retina-image=\"false\" src=\"https:\/\/centropurnayoga.it\/yoga\/wp-content\/uploads\/strikingr\/images\/2696_cop-Tess-Uni-132x195.jpg\" title=\"\" alt=\"\" \/><\/a><\/div><\/div><\/div><\/div><div class=\"clearboth\"><\/div>\n","protected":false},"excerpt":{"rendered":"","protected":false},"author":1,"featured_media":0,"parent":0,"menu_order":0,"comment_status":"closed","ping_status":"closed","template":"template_fullwidth.php","meta":{"footnotes":""},"class_list":["post-1198","page","type-page","status-publish","hentry"],"_links":{"self":[{"href":"https:\/\/centropurnayoga.it\/yoga\/wp-json\/wp\/v2\/pages\/1198","targetHints":{"allow":["GET"]}}],"collection":[{"href":"https:\/\/centropurnayoga.it\/yoga\/wp-json\/wp\/v2\/pages"}],"about":[{"href":"https:\/\/centropurnayoga.it\/yoga\/wp-json\/wp\/v2\/types\/page"}],"author":[{"embeddable":true,"href":"https:\/\/centropurnayoga.it\/yoga\/wp-json\/wp\/v2\/users\/1"}],"replies":[{"embeddable":true,"href":"https:\/\/centropurnayoga.it\/yoga\/wp-json\/wp\/v2\/comments?post=1198"}],"version-history":[{"count":29,"href":"https:\/\/centropurnayoga.it\/yoga\/wp-json\/wp\/v2\/pages\/1198\/revisions"}],"predecessor-version":[{"id":3214,"href":"https:\/\/centropurnayoga.it\/yoga\/wp-json\/wp\/v2\/pages\/1198\/revisions\/3214"}],"wp:attachment":[{"href":"https:\/\/centropurnayoga.it\/yoga\/wp-json\/wp\/v2\/media?parent=1198"}],"curies":[{"name":"wp","href":"https:\/\/api.w.org\/{rel}","templated":true}]}}