{"id":2400,"date":"2018-03-07T07:19:11","date_gmt":"2018-03-07T07:19:11","guid":{"rendered":"http:\/\/www.centropurnayoga.it\/?page_id=2400"},"modified":"2025-06-13T14:54:04","modified_gmt":"2025-06-13T14:54:04","slug":"news-2","status":"publish","type":"page","link":"https:\/\/centropurnayoga.it\/yoga\/news-2\/","title":{"rendered":"News"},"content":{"rendered":"<ul class=\"lcp_catlist\" id=\"lcp_instance_0\">\n<li><a href=\"https:\/\/centropurnayoga.it\/yoga\/le-attivita\/\" class=\"lcp_title\">LE ATTIVIT\u00c0<\/a><span class=\"lcp_date\">  5 settembre 2024<\/span>\n<div class=\"lcp_excerpt\">Il Centro Purna Yoga organizza corsi di Yoga,\u00a0QiGong e Taiji Quan aperti a principianti e avanzati, nei giorni e negli orari indicati nel sito.<br \/>\nLo Yoga proposto dalla Scuola \u00e8 in linea con le tradizioni classiche pi\u00f9 antiche e tocca tutte le branche della disciplina, con uno sguardo anche alle altre vie evolutive espresse dall&#8217;umanit\u00e0 nel &#8230;<\/div>\n<\/li>\n<li><a href=\"https:\/\/centropurnayoga.it\/yoga\/sospensione-di-tutte-le-attivita\/\" class=\"lcp_title\">UNO SGUARDO AI PROGRAMMI<\/a><span class=\"lcp_date\">  15 marzo 2023<\/span>\n<div class=\"lcp_excerpt\">Seguono il loro regolare svolgimento le lezioni di Yoga,\u00a0QiGong e Taiji Quan, aperte a principianti e avanzati, che avranno conclusione alla fine del prossimo mese di giugno, con attivit\u00e0 di approfondimento nella prima met\u00e0 del mese di luglio.<br \/>\nE&#8217; in programma inoltre il consueto seminario di studio ed esercizio della disciplina Yoga dal 28 aprile al &#8230;<\/div>\n<\/li>\n<li><a href=\"https:\/\/centropurnayoga.it\/yoga\/seminario-di-yoga-la-vibrazione-nada-e-approfondimento-della-voce-vac\/\" class=\"lcp_title\">Seminario di Yoga: &#8220;La vibrazione N\u0100DA e approfondimento della voce VAC&#8221;. Approvato dalla YANI*<\/a><span class=\"lcp_date\">  10 marzo 2020<\/span>\n<div class=\"lcp_excerpt\">Seminario teorico-pratico condotto dal M\u00b0\u00a0Mario U. Verri ad\u00a0Acuto (Frosinone)\u00a0<br \/>\n30 aprile\u00a0&#8211; 5 maggio 2020<br \/>\nIl Seminario \u00e8 articolato in due parti<br \/>\nPrima parte: Verso Dhy\u0101na (30 aprile \u2013 3 maggio)<br \/>\nAttraverso l\u2019utilizzo del suono Nada, della voce Vac e di pratiche di Mantra Yoga, la pratica porta a identificare, rigenerare ed espandere le capacit\u00e0 vocali personali e ad attivare &#8230;<\/div>\n<\/li>\n<li><a href=\"https:\/\/centropurnayoga.it\/yoga\/seminario-di-taiji-quan-e-qi-gong\/\" class=\"lcp_title\">Seminario di Taiji Quan e Qi Gong 2019<\/a><span class=\"lcp_date\">  12 ottobre 2019<\/span>\n<div class=\"lcp_excerpt\"> Dal 12 al 16 ottobre 2019\u00a0il Centro Purna Yoga<br \/>\norganizza un seminario tenuto dal M\u00b0 Mario U. Verri sulle antiche\u00a0discipline cinesi del Tai-Chi e del\u00a0Qi-Gong.<br \/>\nIl seminario \u00e8 aperto a tutti e pu\u00f2 partecipare anche chi \u00e8\u00a0interessato soltanto alla disciplina del Qi-Gong, avvalendosi delle\u00a0lezioni teorico-pratiche e assistendo come osservatore all\u2019esercizio\u00a0delle Forme del Tai-Chi. Tali Forme sviluppano &#8230;<\/div>\n<\/li>\n<li><a href=\"https:\/\/centropurnayoga.it\/yoga\/seminario-di-yoga\/\" class=\"lcp_title\">Seminario di Yoga: DH\u0100RA\u0145\u0100 TRAMITE L\u2019ASCOLTO DELLA VOCE E IL PR\u0100\u0145\u0100Y\u0100MA *approvato dalla YANI<\/a><span class=\"lcp_date\">  30 aprile 2019<\/span>\n<div class=\"lcp_excerpt\">Dh\u0101ra\u0146\u0101\u00a0tramite l\u2019ascolto della voce e il\u00a0Pr\u0101\u0146\u0101y\u0101ma\u00a0 \u00a0<br \/>\nSeminario condotto dal M\u00b0 Mario U. Verri ad\u00a0Acuto (Frosinone) 30 aprile\u00a0&#8211;\u00a05 maggio 2019<br \/>\nL&#8217;attivit\u00e0 seminariale \u00e8 articolata in due parti:<br \/>\nPrima parte: Verso Dh\u0101ra\u0146\u0101\u00a0in connessione con la voce\u00a0(30 aprile &#8211; 3 maggio)<br \/>\nAttraverso l\u2019utilizzo di\u00a0 elementi di Nada Yoga e Mantra Yoga, lo svolgimento porta a identificare, rigenerare ed espandere le proprie &#8230;<\/div>\n<\/li>\n<\/ul>\n<ul class='lcp_paginator'>\n<li class='lcp_currentpage'>1<\/li>\n<li><a href='https:\/\/centropurnayoga.it\/yoga\/wp-json\/wp\/v2\/pages\/2400?lcp_page0=2#lcp_instance_0' title='2'>2<\/a><\/li>\n<li><a href='https:\/\/centropurnayoga.it\/yoga\/wp-json\/wp\/v2\/pages\/2400?lcp_page0=3#lcp_instance_0' title='3'>3<\/a><\/li>\n<li><a href='https:\/\/centropurnayoga.it\/yoga\/wp-json\/wp\/v2\/pages\/2400?lcp_page0=4#lcp_instance_0' title='4'>4<\/a><\/li>\n<li><a href='https:\/\/centropurnayoga.it\/yoga\/wp-json\/wp\/v2\/pages\/2400?lcp_page0=2#lcp_instance_0' title='2' class='lcp_nextlink'>&gt;&gt;<\/a><\/li>\n<\/ul>\n","protected":false},"excerpt":{"rendered":"","protected":false},"author":1,"featured_media":0,"parent":0,"menu_order":1,"comment_status":"open","ping_status":"closed","template":"","meta":{"footnotes":""},"class_list":["post-2400","page","type-page","status-publish","hentry"],"_links":{"self":[{"href":"https:\/\/centropurnayoga.it\/yoga\/wp-json\/wp\/v2\/pages\/2400","targetHints":{"allow":["GET"]}}],"collection":[{"href":"https:\/\/centropurnayoga.it\/yoga\/wp-json\/wp\/v2\/pages"}],"about":[{"href":"https:\/\/centropurnayoga.it\/yoga\/wp-json\/wp\/v2\/types\/page"}],"author":[{"embeddable":true,"href":"https:\/\/centropurnayoga.it\/yoga\/wp-json\/wp\/v2\/users\/1"}],"replies":[{"embeddable":true,"href":"https:\/\/centropurnayoga.it\/yoga\/wp-json\/wp\/v2\/comments?post=2400"}],"version-history":[{"count":17,"href":"https:\/\/centropurnayoga.it\/yoga\/wp-json\/wp\/v2\/pages\/2400\/revisions"}],"predecessor-version":[{"id":3073,"href":"https:\/\/centropurnayoga.it\/yoga\/wp-json\/wp\/v2\/pages\/2400\/revisions\/3073"}],"wp:attachment":[{"href":"https:\/\/centropurnayoga.it\/yoga\/wp-json\/wp\/v2\/media?parent=2400"}],"curies":[{"name":"wp","href":"https:\/\/api.w.org\/{rel}","templated":true}]}}

<ul class="lcp_catlist" id="lcp_instance_0">
<li><a href="https://centropurnayoga.it/yoga/le-attivita/" class="lcp_title">LE ATTIVITÀ</a><span class="lcp_date">  5 settembre 2024</span>
<div class="lcp_excerpt">Il Centro Purna Yoga organizza corsi di Yoga, QiGong e Taiji Quan aperti a principianti e avanzati, nei giorni e negli orari indicati nel sito.<br />
Lo Yoga proposto dalla Scuola è in linea con le tradizioni classiche più antiche e tocca tutte le branche della disciplina, con uno sguardo anche alle altre vie evolutive espresse dall&#8217;umanità nel &#8230;</div>
</li>
<li><a href="https://centropurnayoga.it/yoga/sospensione-di-tutte-le-attivita/" class="lcp_title">UNO SGUARDO AI PROGRAMMI</a><span class="lcp_date">  15 marzo 2023</span>
<div class="lcp_excerpt">Seguono il loro regolare svolgimento le lezioni di Yoga, QiGong e Taiji Quan, aperte a principianti e avanzati, che avranno conclusione alla fine del prossimo mese di giugno, con attività di approfondimento nella prima metà del mese di luglio.<br />
E&#8217; in programma inoltre il consueto seminario di studio ed esercizio della disciplina Yoga dal 28 aprile al &#8230;</div>
</li>
<li><a href="https://centropurnayoga.it/yoga/seminario-di-yoga-la-vibrazione-nada-e-approfondimento-della-voce-vac/" class="lcp_title">Seminario di Yoga: &#8220;La vibrazione NĀDA e approfondimento della voce VAC&#8221;. Approvato dalla YANI*</a><span class="lcp_date">  10 marzo 2020</span>
<div class="lcp_excerpt">Seminario teorico-pratico condotto dal M° Mario U. Verri ad Acuto (Frosinone) <br />
30 aprile &#8211; 5 maggio 2020<br />
Il Seminario è articolato in due parti<br />
Prima parte: Verso Dhyāna (30 aprile – 3 maggio)<br />
Attraverso l’utilizzo del suono Nada, della voce Vac e di pratiche di Mantra Yoga, la pratica porta a identificare, rigenerare ed espandere le capacità vocali personali e ad attivare &#8230;</div>
</li>
<li><a href="https://centropurnayoga.it/yoga/seminario-di-taiji-quan-e-qi-gong/" class="lcp_title">Seminario di Taiji Quan e Qi Gong 2019</a><span class="lcp_date">  12 ottobre 2019</span>
<div class="lcp_excerpt"> Dal 12 al 16 ottobre 2019 il Centro Purna Yoga<br />
organizza un seminario tenuto dal M° Mario U. Verri sulle antiche discipline cinesi del Tai-Chi e del Qi-Gong.<br />
Il seminario è aperto a tutti e può partecipare anche chi è interessato soltanto alla disciplina del Qi-Gong, avvalendosi delle lezioni teorico-pratiche e assistendo come osservatore all’esercizio delle Forme del Tai-Chi. Tali Forme sviluppano &#8230;</div>
</li>
<li><a href="https://centropurnayoga.it/yoga/seminario-di-yoga/" class="lcp_title">Seminario di Yoga: DHĀRAŅĀ TRAMITE L’ASCOLTO DELLA VOCE E IL PRĀŅĀYĀMA *approvato dalla YANI</a><span class="lcp_date">  30 aprile 2019</span>
<div class="lcp_excerpt">Dhāraņā tramite l’ascolto della voce e il Prāņāyāma   <br />
Seminario condotto dal M° Mario U. Verri ad Acuto (Frosinone) 30 aprile &#8211; 5 maggio 2019<br />
L&#8217;attività seminariale è articolata in due parti:<br />
Prima parte: Verso Dhāraņā in connessione con la voce (30 aprile &#8211; 3 maggio)<br />
Attraverso l’utilizzo di  elementi di Nada Yoga e Mantra Yoga, lo svolgimento porta a identificare, rigenerare ed espandere le proprie &#8230;</div>
</li>
</ul>
<ul class='lcp_paginator'>
<li class='lcp_currentpage'>1</li>
<li><a href='https://centropurnayoga.it/yoga/wp-json/wp/v2/pages/2400?lcp_page0=2#lcp_instance_0' title='2'>2</a></li>
<li><a href='https://centropurnayoga.it/yoga/wp-json/wp/v2/pages/2400?lcp_page0=3#lcp_instance_0' title='3'>3</a></li>
<li><a href='https://centropurnayoga.it/yoga/wp-json/wp/v2/pages/2400?lcp_page0=4#lcp_instance_0' title='4'>4</a></li>
<li><a href='https://centropurnayoga.it/yoga/wp-json/wp/v2/pages/2400?lcp_page0=2#lcp_instance_0' title='2' class='lcp_nextlink'>&gt;&gt;</a></li>
</ul>
