{"id":40,"date":"2012-01-23T12:02:32","date_gmt":"2012-01-23T12:02:32","guid":{"rendered":"http:\/\/www.kgfree.com\/yoga\/?page_id=40"},"modified":"2018-03-05T16:57:44","modified_gmt":"2018-03-05T16:57:44","slug":"gallery2","status":"publish","type":"page","link":"https:\/\/centropurnayoga.it\/yoga\/gallery2\/","title":{"rendered":"Gallery"},"content":{"rendered":"<article id=\"post-880\" class=\"entry entry_left\">\n<div class=\"image_styled entry_image\" style=\"width:168px\"><span class=\"image_frame\" style=\"height:160px;width:168px\"><a class=\"image_icon_doc\" href=\"https:\/\/centropurnayoga.it\/yoga\/hathapradipika\/\" title=\"\"><img loading=\"lazy\" decoding=\"async\" width=\"168\" height=\"160\" src=\"https:\/\/centropurnayoga.it\/yoga\/wp-content\/themes\/striking\/includes\/timthumb.php?src=\/wp-content\/uploads\/2012\/03\/conferenza.jpg&amp;h=160&amp;w=168&amp;zc=1\" alt=\"Ha\u0163haprad\u00eepik\u00e2\" \/><\/a><\/span><img decoding=\"async\" src=\"https:\/\/centropurnayoga.it\/yoga\/wp-content\/themes\/striking\/images\/image_shadow.png\" class=\"image_shadow\" width=\"170\" alt=\"\" style=\"width:170px\"><\/div>\n<div class=\"entry_info\">\n<h2 class=\"entry_title\"><a href=\"https:\/\/centropurnayoga.it\/yoga\/hathapradipika\/\" rel=\"bookmark\" title=\"Permalink a Ha\u0163haprad\u00eepik\u00e2\">Ha\u0163haprad\u00eepik\u00e2<\/a><\/h2>\n<\/div>\n<div class=\"entry_content\">\n<p><p>I video della Relazione tenuta da Yog\u00e2ch\u00e2rya Mario Verri,\u00a0Fondatore e Maestro del Centro P\u00fbr\u0146a Yoga\u00a0alla Conferenza Mondiale dello Yoga a Roma, il 18-20 settembre 2009.<\/p>\n<\/p>\n<p><a class=\"read_more_link\" href=\"https:\/\/centropurnayoga.it\/yoga\/hathapradipika\/\" rel=\"nofollow\">Continua a leggere \u2192<\/a><\/div>\n<\/article>\n<div class=\"divider_line\"><\/div>\n","protected":false},"excerpt":{"rendered":"","protected":false},"author":1,"featured_media":0,"parent":0,"menu_order":0,"comment_status":"open","ping_status":"closed","template":"template_leftsidebar.php","meta":{"footnotes":""},"class_list":["post-40","page","type-page","status-publish","hentry"],"_links":{"self":[{"href":"https:\/\/centropurnayoga.it\/yoga\/wp-json\/wp\/v2\/pages\/40","targetHints":{"allow":["GET"]}}],"collection":[{"href":"https:\/\/centropurnayoga.it\/yoga\/wp-json\/wp\/v2\/pages"}],"about":[{"href":"https:\/\/centropurnayoga.it\/yoga\/wp-json\/wp\/v2\/types\/page"}],"author":[{"embeddable":true,"href":"https:\/\/centropurnayoga.it\/yoga\/wp-json\/wp\/v2\/users\/1"}],"replies":[{"embeddable":true,"href":"https:\/\/centropurnayoga.it\/yoga\/wp-json\/wp\/v2\/comments?post=40"}],"version-history":[{"count":6,"href":"https:\/\/centropurnayoga.it\/yoga\/wp-json\/wp\/v2\/pages\/40\/revisions"}],"predecessor-version":[{"id":2399,"href":"https:\/\/centropurnayoga.it\/yoga\/wp-json\/wp\/v2\/pages\/40\/revisions\/2399"}],"wp:attachment":[{"href":"https:\/\/centropurnayoga.it\/yoga\/wp-json\/wp\/v2\/media?parent=40"}],"curies":[{"name":"wp","href":"https:\/\/api.w.org\/{rel}","templated":true}]}}

<article id="post-880" class="entry entry_left">
<div class="image_styled entry_image" style="width:168px"><span class="image_frame" style="height:160px;width:168px"><a class="image_icon_doc" href="https://centropurnayoga.it/yoga/hathapradipika/" title=""><img loading="lazy" decoding="async" width="168" height="160" src="https://centropurnayoga.it/yoga/wp-content/themes/striking/includes/timthumb.php?src=/wp-content/uploads/2012/03/conferenza.jpg&amp;h=160&amp;w=168&amp;zc=1" alt="Haţhapradîpikâ" /></a></span><img decoding="async" src="https://centropurnayoga.it/yoga/wp-content/themes/striking/images/image_shadow.png" class="image_shadow" width="170" alt="" style="width:170px"></div>
<div class="entry_info">
<h2 class="entry_title"><a href="https://centropurnayoga.it/yoga/hathapradipika/" rel="bookmark" title="Permalink a Haţhapradîpikâ">Haţhapradîpikâ</a></h2>
</div>
<div class="entry_content">
<p><p>I video della Relazione tenuta da Yogâchârya Mario Verri, Fondatore e Maestro del Centro Pûrņa Yoga alla Conferenza Mondiale dello Yoga a Roma, il 18-20 settembre 2009.</p>
</p>
<p><a class="read_more_link" href="https://centropurnayoga.it/yoga/hathapradipika/" rel="nofollow">Continua a leggere →</a></div>
</article>
<div class="divider_line"></div>
